{"id":176,"date":"2018-07-05T12:20:06","date_gmt":"2018-07-05T12:20:06","guid":{"rendered":"https:\/\/intersofex.ro\/warning-systems\/?post_type=product&#038;p=176"},"modified":"2025-10-22T10:29:15","modified_gmt":"2025-10-22T10:29:15","slug":"girofar-lp400","status":"publish","type":"product","link":"https:\/\/intersofex.ro\/warning-systems\/product\/girofar-lp400\/","title":{"rendered":"LP400"},"content":{"rendered":"<p>DESCRIERE:<\/p>\n<p>Sistemul LP400 Solaris este echipat cu un suport permanent \u0219i o garnitur\u0103 de cauciuc \u00eembun\u0103t\u0103\u021bit\u0103 pentru o adaptare perfect\u0103 la acoperi\u0219.<br \/>\nLP400 permite conectarea a dou\u0103 lumini sincronizate. Culorile disponibile sunt: albastru, ro\u0219u, chihlimbar \u0219i verde.<\/p>\n<p>CARACTERISTICI TEHNICE:<\/p>\n<p>Tensiune: 12 V \/ 10-30 V<br \/>\nTemperatura de operare: -20\u00baC la 50\u00baC<br \/>\nTehnologie de lumin\u0103: Solaris<br \/>\nCulorile LED: albastru, rosu, chihlimbar \u0219i verde<br \/>\nCulorile obiectivului: Albastru sau clar<br \/>\nDimensiuni: 140 mm (diamod\u0103) 147 mm (diamant) 60 mm (\u00een\u0103l\u021bime)<br \/>\nGreutate: 395 g<\/p>\n","protected":false},"excerpt":{"rendered":"<p>DESCRIERE: Sistemul LP400 Solaris este echipat cu un suport permanent \u0219i o garnitur\u0103 de cauciuc \u00eembun\u0103t\u0103\u021bit\u0103 pentru o adaptare perfect\u0103 la acoperi\u0219. LP400 permite conectarea a dou\u0103 lumini sincronizate. Culorile disponibile sunt: albastru, ro\u0219u, chihlimbar \u0219i verde. CARACTERISTICI TEHNICE: Tensiune: 12 V \/ 10-30 V Temperatura de operare: -20\u00baC la 50\u00baC Tehnologie de lumin\u0103: Solaris [&hellip;]<\/p>\n","protected":false},"featured_media":177,"comment_status":"open","ping_status":"closed","template":"","meta":{"_acf_changed":false,"_et_pb_use_builder":"","_et_pb_old_content":"","_et_gb_content_width":"","inline_featured_image":false},"product_brand":[],"product_cat":[18],"product_tag":[31,61],"class_list":{"0":"post-176","1":"product","2":"type-product","3":"status-publish","4":"has-post-thumbnail","6":"product_cat-girofaruri","7":"product_tag-girofaruri","8":"product_tag-lp400","10":"first","11":"instock","12":"shipping-taxable","13":"product-type-simple"},"acf":[],"_links":{"self":[{"href":"https:\/\/intersofex.ro\/warning-systems\/wp-json\/wp\/v2\/product\/176","targetHints":{"allow":["GET"]}}],"collection":[{"href":"https:\/\/intersofex.ro\/warning-systems\/wp-json\/wp\/v2\/product"}],"about":[{"href":"https:\/\/intersofex.ro\/warning-systems\/wp-json\/wp\/v2\/types\/product"}],"replies":[{"embeddable":true,"href":"https:\/\/intersofex.ro\/warning-systems\/wp-json\/wp\/v2\/comments?post=176"}],"wp:featuredmedia":[{"embeddable":true,"href":"https:\/\/intersofex.ro\/warning-systems\/wp-json\/wp\/v2\/media\/177"}],"wp:attachment":[{"href":"https:\/\/intersofex.ro\/warning-systems\/wp-json\/wp\/v2\/media?parent=176"}],"wp:term":[{"taxonomy":"product_brand","embeddable":true,"href":"https:\/\/intersofex.ro\/warning-systems\/wp-json\/wp\/v2\/product_brand?post=176"},{"taxonomy":"product_cat","embeddable":true,"href":"https:\/\/intersofex.ro\/warning-systems\/wp-json\/wp\/v2\/product_cat?post=176"},{"taxonomy":"product_tag","embeddable":true,"href":"https:\/\/intersofex.ro\/warning-systems\/wp-json\/wp\/v2\/product_tag?post=176"}],"curies":[{"name":"wp","href":"https:\/\/api.w.org\/{rel}","templated":true}]}}